{"id":23,"date":"2025-06-10T08:09:53","date_gmt":"2025-06-10T13:09:53","guid":{"rendered":"https:\/\/liyenvalencia.iemtapolicarpasalavarrieta.cloud\/?page_id=23"},"modified":"2025-06-16T13:26:01","modified_gmt":"2025-06-16T18:26:01","slug":"inicio","status":"publish","type":"page","link":"https:\/\/liyenvalencia.iemtapolicarpasalavarrieta.cloud\/","title":{"rendered":"Inicio \ud83c\udf37"},"content":{"rendered":"\n<h3 class=\"wp-block-heading\"><mark style=\"background-color:rgba(0, 0, 0, 0)\" class=\"has-inline-color has-pale-pink-color\">Presentaci\u00f3n:<\/mark><\/h3>\n\n\n\n<p>Me llamo liyen, actualmente vivo en Facatativ\u00e1, amo todo lo relacionado con la cosmetolog\u00eda, la est\u00e9tica y el cuidado personal.<\/p>\n\n\n\n<p>Amo maquillarme y obtener varias ideas sobre ello, cuidar los detalles y so\u00f1ar en grande!! \u2728 Uno de mis mayores deseo es convertirme en maquilladora profesional y viajar por el mundo, Corea del Sur esta en el primer puesto en mis sue\u00f1os \ud83d\udc97 <\/p>\n\n\n\n<p><\/p>\n\n\n\n<p><\/p>\n","protected":false},"excerpt":{"rendered":"<p>Presentaci\u00f3n: Me llamo liyen, actualmente vivo en Facatativ\u00e1, amo todo lo relacionado con la cosmetolog\u00eda, la est\u00e9tica y el cuidado personal. Amo maquillarme y obtener varias ideas sobre ello, cuidar los detalles y so\u00f1ar en grande!! \u2728 Uno de mis mayores deseo es convertirme en maquilladora profesional y viajar por el mundo, Corea del Sur [&hellip;]<\/p>\n","protected":false},"author":1,"featured_media":0,"parent":0,"menu_order":0,"comment_status":"closed","ping_status":"closed","template":"","meta":{"footnotes":""},"class_list":["post-23","page","type-page","status-publish","hentry"],"_links":{"self":[{"href":"https:\/\/liyenvalencia.iemtapolicarpasalavarrieta.cloud\/index.php\/wp-json\/wp\/v2\/pages\/23","targetHints":{"allow":["GET"]}}],"collection":[{"href":"https:\/\/liyenvalencia.iemtapolicarpasalavarrieta.cloud\/index.php\/wp-json\/wp\/v2\/pages"}],"about":[{"href":"https:\/\/liyenvalencia.iemtapolicarpasalavarrieta.cloud\/index.php\/wp-json\/wp\/v2\/types\/page"}],"author":[{"embeddable":true,"href":"https:\/\/liyenvalencia.iemtapolicarpasalavarrieta.cloud\/index.php\/wp-json\/wp\/v2\/users\/1"}],"replies":[{"embeddable":true,"href":"https:\/\/liyenvalencia.iemtapolicarpasalavarrieta.cloud\/index.php\/wp-json\/wp\/v2\/comments?post=23"}],"version-history":[{"count":10,"href":"https:\/\/liyenvalencia.iemtapolicarpasalavarrieta.cloud\/index.php\/wp-json\/wp\/v2\/pages\/23\/revisions"}],"predecessor-version":[{"id":56,"href":"https:\/\/liyenvalencia.iemtapolicarpasalavarrieta.cloud\/index.php\/wp-json\/wp\/v2\/pages\/23\/revisions\/56"}],"wp:attachment":[{"href":"https:\/\/liyenvalencia.iemtapolicarpasalavarrieta.cloud\/index.php\/wp-json\/wp\/v2\/media?parent=23"}],"curies":[{"name":"wp","href":"https:\/\/api.w.org\/{rel}","templated":true}]}}

<h3 class="wp-block-heading"><mark style="background-color:rgba(0, 0, 0, 0)" class="has-inline-color has-pale-pink-color">Presentación:</mark></h3>



<p>Me llamo liyen, actualmente vivo en Facatativá, amo todo lo relacionado con la cosmetología, la estética y el cuidado personal.</p>



<p>Amo maquillarme y obtener varias ideas sobre ello, cuidar los detalles y soñar en grande!! ✨ Uno de mis mayores deseo es convertirme en maquilladora profesional y viajar por el mundo, Corea del Sur esta en el primer puesto en mis sueños 💗 </p>



<p></p>



<p></p>

<p>Presentación: Me llamo liyen, actualmente vivo en Facatativá, amo todo lo relacionado con la cosmetología, la estética y el cuidado personal. Amo maquillarme y obtener varias ideas sobre ello, cuidar los detalles y soñar en grande!! ✨ Uno de mis mayores deseo es convertirme en maquilladora profesional y viajar por el mundo, Corea del Sur [&hellip;]</p>
